{"id":908,"date":"2015-03-16T00:51:26","date_gmt":"2015-03-15T22:51:26","guid":{"rendered":"http:\/\/martinkrenn.net\/the_political_sphere_in_art_practices\/?page_id=908"},"modified":"2024-03-18T12:27:40","modified_gmt":"2024-03-18T10:27:40","slug":"about","status":"publish","type":"page","link":"https:\/\/martinkrenn.net\/the_political_sphere_in_art_practices\/?page_id=908","title":{"rendered":"The Political Sphere in Art Practices"},"content":{"rendered":"<p><strong>An interview web project by Martin Krenn<\/strong><\/p>\n<p>&nbsp;<\/p>\n<p><strong>Project<\/strong><br \/>\nThe website project \u201dThe Political Sphere in Art Practices\u201d is offering key findings, which were gained from interviews that artist Martin Krenn conducted with experts of the field of social practice art. The interviewees are Grant Kester, Margit Czenki, Christoph Sch\u00e4fer, Roger Behrens, Neala Schleuning, Mary Jane Jacob, Gregory Sholette and Nora Sternfeld.<br \/>\nThe project provides an interactive dialogical platform constructed as a modular system of questions, answers and categories. It serves as an artistic research tool for artists, critics, academics and other people interested in the subject. Krenn offers a meditative and contemplative way of discussing art theory and art practice.<\/p>\n<p>&nbsp;<\/p>\n<p><strong>Interface<\/strong><br \/>\nThe original transcripts of the interviews were transformed by the artist into a new format \u2013 a kind of \u00a0\u201cvirtual dialogue\u201d consisting of short video clips made of quotes from the transcribed interviews, still images of the interview site as well as other visual material related to the content of the statements. Users can access the clips and comment on them through a user interface that is conceived like a storyboard. This unique web interface was programmed by the web artist Roland Rust exclusively for this project: Every question and answer is related to a specific image. A short text, that is worded either as a question or an answer as well, serves as a headline outlining the content of the respective interview quote. This allows to, storyboard alike, preview the dialogues around the topics Avant-garde, Culture Industry, Political art, Social practice and Neoliberalism. By clicking on an image of the \u201cstoryboard\u201d it becomes visible in color, and a video clip displaying the whole statement is accessed, spoken by voice artists Naoimh Tuohy or David Dempsey. Some of the statements relate to more than one topic. In that case, one may skip between different dialogues.<\/p>\n<p>&nbsp;<\/p>\n<p><strong>Approach<\/strong><br \/>\nWith one exception &#8211; Grant Kester, with whom Krenn talked via Skype &#8212; Krenn visited all the interview partners in person. The meeting place, which is regarded by Krenn as important as it subtly influences every form of communication, was suggested by the interviewees. After the meeting, Krenn took photographs of the respective site of the location. These images form the integral visual part of the video pieces of the website.<br \/>\nThe whole project was developed over the period of three years and became a web of complex theoretical thoughts. In light of the calm voice of the speakers Naoimh Tuohy and David Dempsey combined with concrete visual material the project invites the recipient to spend some time with it and to gain a unique aesthetical as well as intellectual experience.<\/p>\n<p>&nbsp;<\/p>\n<p><strong>INTERVIEW TRANSCRIPTS<\/strong><\/p>\n<p><strong>Grant Kester 2013 (Eng)<\/strong><\/p>\n<p><a href=\"https:\/\/martinkrenn.net\/the_political_sphere_in_art_practices\/?page_id=1878\">https:\/\/martinkrenn.net\/the_political_sphere_in_art_practices\/?page_id=1878<\/a><\/p>\n<p><strong>Gregory Sholette 2014 (Eng)<\/strong><\/p>\n<p><a href=\"https:\/\/martinkrenn.net\/the_political_sphere_in_art_practices\/?page_id=1885\">https:\/\/martinkrenn.net\/the_political_sphere_in_art_practices\/?page_id=1885<\/a><\/p>\n<p><strong>Mary Jane Jacob 2014 (Eng)<\/strong><\/p>\n<p><a href=\"https:\/\/martinkrenn.net\/the_political_sphere_in_art_practices\/?page_id=1893\">https:\/\/martinkrenn.net\/the_political_sphere_in_art_practices\/?page_id=1893<\/a><\/p>\n<p><strong>Neala Schleuning 2014 (Eng)<\/strong><\/p>\n<p><a href=\"https:\/\/martinkrenn.net\/the_political_sphere_in_art_practices\/?page_id=1899\">https:\/\/martinkrenn.net\/the_political_sphere_in_art_practices\/?page_id=1899<\/a><\/p>\n<p><strong>Nora Sternfeld 2014 (Ger)<\/strong><\/p>\n<p><a href=\"https:\/\/martinkrenn.net\/the_political_sphere_in_art_practices\/?page_id=1862\">https:\/\/martinkrenn.net\/the_political_sphere_in_art_practices\/?page_id=1862<\/a><\/p>\n<p><strong>Roger Behrens 2013 (Ger)<\/strong><\/p>\n<p><a href=\"https:\/\/martinkrenn.net\/the_political_sphere_in_art_practices\/?page_id=1856\">https:\/\/martinkrenn.net\/the_political_sphere_in_art_practices\/?page_id=1922<\/a><\/p>\n<p><strong>Margit Czenki &amp; Christoph Sch\u00e4fer 2013 (Ger)<\/strong><\/p>\n<p><a href=\"https:\/\/martinkrenn.net\/the_political_sphere_in_art_practices\/?page_id=1918\">https:\/\/martinkrenn.net\/the_political_sphere_in_art_practices\/?page_id=1918<\/a><\/p>\n<p>&nbsp;<\/p>\n<p><strong>Web programmer<\/strong><\/p>\n<p>Roland Rust<\/p>\n<p><strong>Translations<\/strong><\/p>\n<p>Paul Bowman<\/p>\n<p><strong>Speaker (Interviewer)<\/strong><\/p>\n<p>David Dempsey<\/p>\n<p><strong>Speaker (Interviewees)<\/strong><\/p>\n<p>Naoimh Tuohy<\/p>\n<p><strong><br \/>\nInterviewer<\/strong><\/p>\n<p>Martin Krenn<\/p>\n<p>Martin Krenn graduated in Electronic Music at the University of Music and Performing Arts, Vienna, in 1996 and holds a M.A. from the University of Applied Arts, Vienna, since 1997. In 2011, Krenn received the Vice-Chancellor&#8217;s Research Scholarship at the University of Ulster in Belfast (UK). Since then, he has been a PhD researcher at the university\u2019s Faculty of Art, Design and the Built Environment.\u00a0He was awarded a PhD by Ulster\u00a0University\u00a0in 2016.<\/p>\n<p>From 2006 to 2009 he served as chairperson of the Austrian Artists Association (IG Bildende Kunst). His work is represented by Galerie Zimmermann Kratochwill, Graz.<br \/>\nSince 1995, he has been realising art projects at the interface between art and activism. In his writings, as well as in his art works, he seeks answers to the question: \u201cWhat makes art social and political?\u201c<br \/>\nHe teaches Interventionist Art at the University of Applied Arts Vienna (AT) under the Dept. of Art and Communication Practices &#8211; KKP.<\/p>\n<p><a href=\"http:\/\/www.martinkrenn.net\">www.martinkrenn.net<\/a><\/p>\n<p>&nbsp;<\/p>\n<p><strong>Interviewees<\/strong><\/p>\n<p>Roger Behrens<\/p>\n<p>Roger Behrens is a theorist and an author. His research covers the critical theory of society, critique of mass- and pop-culture, as well as the philosophy and aesthetics from modernity to postmodernity and beyond. He is co-editor of the book magazine \u201cTestcard. Beitr\u00e4ge zur Popgeschichte&#8221; (Ventil Verlag: Mainz) and member of the editorial board of &#8220;Zeitschrift f\u00fcr kritische Theorie&#8221; (eds. Sven Kramer and Gerhard Schweppenh\u00e4user); he is an active volunteer of Freies Sender Kombinat (FSK Hamburg) and runs there two monthly radioshows.<\/p>\n<p><a href=\"http:\/\/christophschaefer.net\/\">http:\/\/<\/a><a href=\"http:\/\/rogerbehrens.net\">rogerbehrens.net<\/a><\/p>\n<p>&nbsp;<\/p>\n<p>Margit Czenki<\/p>\n<p>Margit Czenki is a Filmmaker and artist, based in Hamburg. In her work she is interested in the &#8220;living-against&#8221; (Gegenleben), the resistent potentials, that flash through the everyday life as the unexpected political, as possibility, as promise. Always searching for the different point of view, the unseen perspective, she works in diverse fields. Her first fiction film &#8220;Accomplices&#8221; \/ &#8220;Komplizinnen&#8221; (1987) was shown worldwide. With Park Fiction she participated in Documenta11, 2002. Lectures, talks, visiting faculty at Universities and Art Academies in USA, Canada, Mexico, Denmark, Italy, Austria, Germany.<\/p>\n<p><a href=\"http:\/\/www.margitczenki.net\">www.margitczenki.net<\/a><\/p>\n<p>&nbsp;<\/p>\n<p>Grant Kester<\/p>\n<p>Grant Kester is professor of art history in the Visual Arts department at the University of California, San Diego and the founding editor of FIELD: A Journal of Socially Engaged Art Criticism. His publications include Art, Activism and Oppositionality: Essays from Afterimage (Duke University Press, 1998), Conversation Pieces: Community and Communication in Modern Art (University of California Press, 2004, second edition in 2013) and The One and the Many: Contemporary Collaborative Art in a Global Context (Duke University Press, 2011). He has recently completed work on Collective Situations: Dialogues in Contemporary Latin American Art 1995-2010, an anthology of writings by art collectives working in Latin America produced in collaboration with Bill Kelley Jr. which is under contract with Duke University Press.<\/p>\n<p><a href=\"http:\/\/visarts.ucsd.edu\/faculty\/grant-kester\">http:\/\/visarts.ucsd.edu\/faculty\/grant-kester<\/a><\/p>\n<p>&nbsp;<\/p>\n<p>Christoph Sch\u00e4fer<\/p>\n<p>Christoph Sch\u00e4fer is an artist who focuses on urban life and the production of public spaces<br \/>\nUrban development is not always \u201ctop down\u201d\u2014it can also be generated by the grassroots. This section features alternative forms of economy and social action that come out of local planning and movements.\u00a0With Park Fiction she participated in Documenta11, 2002.\u00a0Christoph Sch\u00e4fer works in Hamburg, Germany.<\/p>\n<p><a href=\"http:\/\/christophschaefer.net\/\">http:\/\/christophschaefer.net<\/a><\/p>\n<p>&nbsp;<\/p>\n<p>Neala Schleuning<\/p>\n<p>Neala Schleuning is a writer and educator. She received her PhD in American Studies from the University of Minnesota in 1978 with an emphasis in political philosophy and intellectual history.\u00a0 Fulbright Scholar to the Russian Federation, she is the author of many articles, higher education policy papers, films and radio productions, and several books, including <i>America: Song We Sang Without Knowing<\/i> (1983); <i>Idle Hands and Empty Hearts: Work and Freedom in the United States<\/i>(1990); <i>Women, Community, and the Hormel Strike of 1985-86<\/i> (1994);\u00a0<i>To Have and to Hold: the Meaning of Ownership in the United States<\/i> (1997) and\u00a0Artpolitik: Social Anarchist Aesthetics in an Age of Fragmentation (Minor Compositions) (2013).<\/p>\n<p><a href=\"http:\/\/www.facebook.com\/artpolitikthebook\" target=\"_blank\" rel=\"noopener\">www.facebook.com\/artpolitikthebook<\/a><\/p>\n<p><a href=\"http:\/\/www.minorcompositions.info\/?cat=41\">http:\/\/www.minorcompositions.info\/?cat=41<\/a><\/p>\n<p>&nbsp;<\/p>\n<p>Gregory Sholette<\/p>\n<p>Gregory Sholette is an artist and writer whose publications include <i>It\u2019s The Political Economy, Stupid<\/i> co-edited with Oliver Ressler, <i>Dark Matter: Art and Politics in an Age of Enterprise Culture<\/i>, both Pluto Press UK, as well as <i>Collectivism After Modernism <\/i>with Blake Stimson University of Minnesota Press, and <i>The Interventionists<\/i> with Nato Thompson distributed by MIT. His recent art projects include <i>Collectibles<\/i>, Action <i>Figures and Objects, <\/i>at Station Independent Gallery, <i>Imaginary Archive: Graz,<\/i> Rotor Art Center, Graz, Austria; NY; <i>Exposed Pipe <\/i>at the American University Beirut art gallery;<i> Torrent <\/i>for Printed Matter Books in Chelsea; <a href=\"http:\/\/www.mda.gr\/space\/gregory_sholette.html\" target=\"_blank\" rel=\"noopener\"><i>iDrone<\/i><\/a> for <a href=\"http:\/\/cyberartspace.net\/\" target=\"_blank\" rel=\"noopener\">cyberartspace.net<\/a>; and <i>Fifteen Islands for Robert Moses<\/i> at the Queens Museum. Sholette is an Associate of the Art, Design and the Public Domain program at the Graduate School of Design Harvard University, a member of the Curriculum Committee of Home WorkSpace Beirut, and a faculty member of the Queens College Art Department, City University of New York where he helped establish the new MFA Concentration SPQ (Social Practice Queens):\u00a0<a href=\"http:\/\/www.socialpracticequeens.org\/\" target=\"_blank\" rel=\"noopener\">http:\/\/www.<wbr \/>socialpracticequeens.org\/<\/a><\/p>\n<p><a href=\"http:\/\/www.gregorysholette.com\">http:\/\/www.gregorysholette.com<\/a><\/p>\n<p>&nbsp;<\/p>\n<p>Nora Sternfeld<\/p>\n<p>Nora Sternfeld is an educator and curator. She is professor for curating and mediating art, director of the curatorial program CuMMA at the Aalto University in Helsinki (cummastudies.wordpress.com) and co-director of \/ecm \u2014 educating\/curating\/managing \u2014 Master Program in exhibition theory and practice at the University of Applied Arts Vienna (www.ecm.ac.at). She is co-founder and part of trafo. K, Office for Art Education and Critical Knowledge Production based in Vienna (w\/Ines Garnitschnig, Renate H\u00f6llwart and Elke Smodics) (www. trafo-k.at). Moreover she is part of Freethought, a platform for research, education, and production based in London (w\/Irit Rogoff, Stefano Harney, Adrian Heathfield, Mao Mollona and Louis Moreno). In this context she is one of the curators of the Bergen Assembly 2016.\u2028 She publishes on contemporary art, exhibition theory, education, politics of history and anti-racism. She is author of &#8220;Das p\u00e4dagogische Unverh\u00e4ltnis&#8221;, Vienna 2009 and &#8220;Kontaktzonen der Geschichtsvermittlung&#8221;, Wien 2013 and co-edited several books, for example: &#8220;It\u2019s all Mediating: Outlining and Incorporating the Roles of Curating and Education in the Exhibition Context&#8221;, Cambridge Scholar Publishing, Newcastle upon Tyne 2013 (with The Finnish Association for Museum Education Pedaali, Kaija Kaitavuori, and Laura Kokkonen) and &#8220;educational turn. Handlungsr\u00e4ume der Kunst- und Kulturvermittlung&#8221;, Series: ausstellungstheorie &amp; praxis, vol. 5, Turia und Kant, Vienna 2012 (with schnittpunkt, Beatrice Jaschke).<\/p>\n<p><a href=\"http:\/\/norasternfeld.tumblr.com\">http:\/\/norasternfeld.tumblr.com<\/a><\/p>\n<p>&nbsp;<\/p>\n<p>Mary Jane Jacob<\/p>\n<p>Mary Jane Jacob is an American curator, writer, and educator from <a title=\"Chicago\" href=\"https:\/\/en.wikipedia.org\/wiki\/Chicago\">Chicago<\/a>, <a title=\"Illinois\" href=\"https:\/\/en.wikipedia.org\/wiki\/Illinois\">Illinois<\/a>. She is a professor at the <a title=\"School of the Art Institute of Chicago\" href=\"https:\/\/en.wikipedia.org\/wiki\/School_of_the_Art_Institute_of_Chicago\">School of the Art Institute of Chicago<\/a>, and is the Executive Director of Exhibitions and Exhibition Studies. She has held posts as Chief Curator at the<a title=\"Museum of Contemporary Art, Los Angeles\" href=\"https:\/\/en.wikipedia.org\/wiki\/Museum_of_Contemporary_Art,_Los_Angeles\">Museum of Contemporary Art, Los Angeles<\/a> and at the Museum of Contemporary Art, Chicago.<\/p>\n<p>Since 1990 Jacob has been a pioneer in the areas of public, site-specific, and socially engaged art. Jacob is the author and editor of many key texts including Conversations at the Castle: Changing Audiences and Contemporary Art (1996) and Culture in Action: New Public Art in Chicago (1993).\u00a0Jacob has mounted exhibitions, and created public art opportunities that have featured the work of some of the most influential artists in contemporary art including <a title=\"Mark Dion\" href=\"https:\/\/en.wikipedia.org\/wiki\/Mark_Dion\">Mark Dion<\/a>,<a title=\"Suzanne Lacy\" href=\"https:\/\/en.wikipedia.org\/wiki\/Suzanne_Lacy\">Suzanne Lacy<\/a>, <a title=\"Ernesto Pujol\" href=\"https:\/\/en.wikipedia.org\/wiki\/Ernesto_Pujol\">Ernesto Pujol<\/a>, <a title=\"J. Morgan Puett\" href=\"https:\/\/en.wikipedia.org\/wiki\/J._Morgan_Puett\">J. Morgan Puett<\/a>, Pablo Helguera, <a class=\"mw-redirect\" title=\"Marina Abramovic\" href=\"https:\/\/en.wikipedia.org\/wiki\/Marina_Abramovic\">Marina Abramovic<\/a>, Rick Lowe, and <a title=\"Alfredo Jaar\" href=\"https:\/\/en.wikipedia.org\/wiki\/Alfredo_Jaar\">Alfredo Jaar<\/a>. The <a title=\"Women's Caucus for Art\" href=\"https:\/\/en.wikipedia.org\/wiki\/Women%27s_Caucus_for_Art\">Women&#8217;s Caucus for Art<\/a> honored Jacob as a 2010 recipient of the organization&#8217;s Lifetime Achievement Award.<sup id=\"cite_ref-1\" class=\"reference\"><a href=\"https:\/\/en.wikipedia.org\/wiki\/Mary_Jane_Jacob#cite_note-1\">[1]<\/a><\/sup><\/p>\n<p>Jacob received her M.A. in the History of Art and Museum Studies from the <a title=\"University of Michigan\" href=\"https:\/\/en.wikipedia.org\/wiki\/University_of_Michigan\">University of Michigan<\/a>, Ann Arbor.<\/p>\n<p><a href=\"http:\/\/www.saic.edu\/profiles\/faculty\/maryjanejacob\">http:\/\/www.saic.edu\/profiles\/faculty\/maryjanejacob<\/a><\/p>\n<p>&nbsp;<\/p>\n<p><strong>Images<\/strong><\/p>\n<p><em>The Political Sphere in Art Practices<\/em> is a non-commercial art project for research purpose. The\u00a0images used are public domain, licensed by creative commons or found footage. Please contact me for incomplete\u00a0copyright information.<\/p>\n<p><a href=\"mailto:mail@martinkrenn.net\">Contact:\u00a0Martin Krenn<\/a>\u00a0[<a href=\"mailto:mail@martinkrenn.net\">mail@martinkrenn.net<\/a>]<\/p>\n<p>&nbsp;<\/p>\n<p><strong>Acknowledgements<\/strong><\/p>\n<p>This web project is part of my PhD project &#8220;The Political Space In Social Art Practices&#8221; at the\u00a0Faculty of Art, Design and Built Environment, Ulster University, Belfast Campus.<\/p>\n<p>I would like to exceptionally thank my PhD\u00a0supervisor Dr. Aisling O&#8217;Beirn and\u00a0Prof. Christa-Maria Lerm Hayes for her critical feedback\u00a0and invaluable advice regarding this web project.<br \/>\nThanks must also go to my\u00a0PhD supervisors\u00a0Dr. Cherie driver and my advisor Emeritus Prof. Liam Kelly for their support.<\/p>\n<hr \/>\n<p><strong>Supported by<\/strong><\/p>\n<p>Bundesministeriums f\u00fcr Unterricht, Kunst und Kultur \u00d6sterreich; Kulturabteilung der Stadt Wien MA 7; Faculty of Art, Design and Built Environment,\u00a0Ulster University, Belfast Campus<\/p>\n<p>&nbsp;<\/p>\n<p><img loading=\"lazy\" decoding=\"async\" class=\" wp-image-1843 alignright\" src=\"https:\/\/martinkrenn.net\/the_political_sphere_in_art_practices\/wp-content\/uploads\/2015\/03\/Wien_Kultur_Logo_2c-550x274-300x149.jpg\" alt=\"Wien_Kultur_Logo_2c-550x274\" width=\"170\" height=\"84\" srcset=\"https:\/\/martinkrenn.net\/the_political_sphere_in_art_practices\/wp-content\/uploads\/2015\/03\/Wien_Kultur_Logo_2c-550x274-300x149.jpg 300w, https:\/\/martinkrenn.net\/the_political_sphere_in_art_practices\/wp-content\/uploads\/2015\/03\/Wien_Kultur_Logo_2c-550x274.jpg 550w\" sizes=\"auto, (max-width: 170px) 100vw, 170px\" \/><\/p>\n<p>&nbsp;<\/p>\n<p>&nbsp;<\/p>\n<p><a href=\"https:\/\/martinkrenn.net\/the_political_sphere_in_art_practices\/wp-content\/uploads\/2015\/03\/Download.png\"><img loading=\"lazy\" decoding=\"async\" class=\"alignnone wp-image-1842\" src=\"https:\/\/martinkrenn.net\/the_political_sphere_in_art_practices\/wp-content\/uploads\/2015\/03\/Download-300x156.png\" alt=\"Download\" width=\"179\" height=\"93\" srcset=\"https:\/\/martinkrenn.net\/the_political_sphere_in_art_practices\/wp-content\/uploads\/2015\/03\/Download-300x156.png 300w, https:\/\/martinkrenn.net\/the_political_sphere_in_art_practices\/wp-content\/uploads\/2015\/03\/Download-250x130.png 250w, https:\/\/martinkrenn.net\/the_political_sphere_in_art_practices\/wp-content\/uploads\/2015\/03\/Download.png 312w\" sizes=\"auto, (max-width: 179px) 100vw, 179px\" \/><\/a><\/p>\n<p><img loading=\"lazy\" decoding=\"async\" class=\" wp-image-1844 aligncenter\" src=\"https:\/\/martinkrenn.net\/the_political_sphere_in_art_practices\/wp-content\/uploads\/2015\/03\/bundeskanzleramt_kunst_CMYK-385x111-custom-300x86.jpg\" alt=\"bundeskanzleramt_kunst_CMYK-385x111-custom\" width=\"268\" height=\"77\" srcset=\"https:\/\/martinkrenn.net\/the_political_sphere_in_art_practices\/wp-content\/uploads\/2015\/03\/bundeskanzleramt_kunst_CMYK-385x111-custom-300x86.jpg 300w, https:\/\/martinkrenn.net\/the_political_sphere_in_art_practices\/wp-content\/uploads\/2015\/03\/bundeskanzleramt_kunst_CMYK-385x111-custom.jpg 385w\" sizes=\"auto, (max-width: 268px) 100vw, 268px\" \/><\/p>\n","protected":false},"excerpt":{"rendered":"<p>{{unknown}}An interview web project by Martin Krenn &nbsp; Project The website project \u201dThe Political Sphere in Art Practices\u201d is offering<span class=\"ellipsis\">&hellip;<a href=\"https:\/\/martinkrenn.net\/the_political_sphere_in_art_practices\/?page_id=908\"> Continue Reading &#8250;&#8250;<\/a><\/span><\/p>\n","protected":false},"author":1,"featured_media":0,"parent":0,"menu_order":0,"comment_status":"closed","ping_status":"closed","template":"templates\/full-width-offset.php","meta":{"footnotes":""},"class_list":["post-908","page","type-page","status-publish","hentry"],"_links":{"self":[{"href":"https:\/\/martinkrenn.net\/the_political_sphere_in_art_practices\/index.php?rest_route=\/wp\/v2\/pages\/908","targetHints":{"allow":["GET"]}}],"collection":[{"href":"https:\/\/martinkrenn.net\/the_political_sphere_in_art_practices\/index.php?rest_route=\/wp\/v2\/pages"}],"about":[{"href":"https:\/\/martinkrenn.net\/the_political_sphere_in_art_practices\/index.php?rest_route=\/wp\/v2\/types\/page"}],"author":[{"embeddable":true,"href":"https:\/\/martinkrenn.net\/the_political_sphere_in_art_practices\/index.php?rest_route=\/wp\/v2\/users\/1"}],"replies":[{"embeddable":true,"href":"https:\/\/martinkrenn.net\/the_political_sphere_in_art_practices\/index.php?rest_route=%2Fwp%2Fv2%2Fcomments&post=908"}],"version-history":[{"count":76,"href":"https:\/\/martinkrenn.net\/the_political_sphere_in_art_practices\/index.php?rest_route=\/wp\/v2\/pages\/908\/revisions"}],"predecessor-version":[{"id":2009,"href":"https:\/\/martinkrenn.net\/the_political_sphere_in_art_practices\/index.php?rest_route=\/wp\/v2\/pages\/908\/revisions\/2009"}],"wp:attachment":[{"href":"https:\/\/martinkrenn.net\/the_political_sphere_in_art_practices\/index.php?rest_route=%2Fwp%2Fv2%2Fmedia&parent=908"}],"curies":[{"name":"wp","href":"https:\/\/api.w.org\/{rel}","templated":true}]}}